*t - 4*a - r = -0*a. Suppose -t*o + 0*o = -9085. Is o a prime number?
False
Suppose -5*f + 2*d = -290839, -19*d + 116341 = 2*f - 18*d. Is f a prime number?
True
Let l(m) be the first derivative of -19*m**4/24 - 28*m**3/3 + 15*m**2 - 26. Let o(c) be the second derivative of l(c). Is o(-23) composite?
True
Let l(h) = 838*h - 34 - 868*h - 9. Is l(-17) composite?
False
Let x = 28 + -16. Let d(q) = -261*q + 64. Let a(m) = 784*m - 175. Let r(z) = 3*a(z) + 8*d(z). Is r(x) a composite number?
True
Let s be 1*4 + (-8 - 2)/1. Let z(n) = n - 1. Let p(d) = -30*d - 10. Let v(k) = p(k) + z(k). Is v(s) composite?
False
Suppose -s = -4*f - 49819, -4*f - 28 = -16. Is s a composite number?
False
Let j be (-30)/(2 - (3 - (-479)/(-481))). Let f = j - 3844. Is f composite?
False
Is 8*(-7)/(-224)*216908 a prime number?
False
Let i(z) = 14*z**2 - 11*z - 37. Let b be i(-40). Let g = b - 7304. Is g a prime number?
False
Let c(k) = 310*k + 4. Let a be c(4). Let w = a - -4105. Suppose -8*o = -5*o - w. Is o composite?
False
Suppose 2*j = -4*f - 2*j + 212, -f + 53 = -j. Let y(r) = -134*r - 33*r + f*r - 22. Is y(-6) a composite number?
True
Let s = 91668 - 35701. Is s prime?
True
Suppose g - 1058 = 2*c + 6*g, -5*c = g + 2691. Let l = c - -988. Is l a prime number?
True
Let v = 26761 - -65920. Is v composite?
False
Let q(i) = -5046*i - 4183. Is q(-12) prime?
True
Let u(y) = 39430*y**2 + 311*y - 621. Is u(2) a composite number?
False
Let t = 12469 + -6252. Is t a composite number?
False
Let o = -92 - -85. Is -5 - (-4878)/4*(11 + o) a composite number?
True
Let o = -367 - -775. Suppose -o - 5219 = -z + 3*j, -3*j - 11251 = -2*z. Suppose -2*w + 2190 = -z. Is w a composite number?
False
Let l(b) = 243*b**2 - 41*b + 2. Let a be l(-12). Suppose 2*g - a + 9144 = 0. Is g a prime number?
True
Let d = 486 + -476. Suppose d*a = 31152 + 12578. Is a a prime number?
True
Let k(p) = 3777*p**3 + p**2 - 669*p + 1329. Is k(2) prime?
True
Let r(b) = 4*b**2 - 3*b - 2. Let l be r(-1). Let h(i) = 31 - l*i + 2*i - 27. Is h(-6) prime?
False
Suppose -47834 = -4*f - 2*s, -7*f + 9*f = 3*s + 23921. Is f a prime number?
True
Let k(x) = 79*x - 128. Let s(h) = -14*h + 109. Let r be s(6). Is k(r) a prime number?
True
Suppose 3*l - 306756 = -a, a - 6 = -3. Is l prime?
True
Suppose -87491 = -5*s - 4*u, -4*s + 28635 = -u - 41341. Is s composite?
True
Let b = -45 - -50. Let d be (2 + -1)/(b/11390). Suppose -3*z = -5*z + d. Is z composite?
True
Let r(c) = -5*c + 34. Let i(h) = 154*h - 1056. Let s(z) = -6*i(z) - 187*r(z). Let n be 16 + 3/(-4)*-4. Is s(n) a prime number?
False
Suppose -17*u = -5*w - 20*u + 217561, -8 = u. Is w composite?
False
Let p(y) = 161*y**2 - 5*y - 15. Let s be p(-3). Suppose -7350 + s = -3*u. Is u a prime number?
False
Let z = -41 + 21. Let c be (-4 - (3 - z))*(-1)/3. Suppose -4*m + 1616 = 3*g, m - 381 = -4*g + c*g. Is m a prime number?
True
Let f(g) = 24561*g + 992. Is f(11) prime?
True
Let g(v) = -34*v**2 - 2*v - 8. Let q(c) = c. Let b(y) = -g(y) - 3*q(y). Let r be 1*(-2 - (-4)/(-16)*4). Is b(r) composite?
False
Suppose -221*a + 223224213 + 143526527 = -57*a. Is a a prime number?
False
Let i(h) = 33 - 331*h + 996*h + 56. Is i(36) a composite number?
False
Suppose 8*l = -2*l + 10. Let h(k) = 465*k**2 + 2*k - 4. Is h(l) prime?
True
Let g(n) = -n**3 + n - 1. Let m(w) = 121*w**3 + w**2 + 4*w - 6. Let h(k) = -5*g(k) + m(k). Let i be (-2)/7 - (-32)/14. Is h(i) a composite number?
False
Suppose -82*z + 18561363 = 3011047. Is z a prime number?
False
Suppose -5*d + 118651 = -2*i, -i = 21*d - 17*d - 94913. Is d prime?
False
Let r = 604714 + -275661. Is r composite?
False
Suppose -17 = -20*j + 43. Suppose -4431 = -0*s - j*s. Is s a composite number?
True
Suppose 2*m = 4*o - 234, o - 4*m = -m + 56. Let d = 60 - o. Is d/(-4) + (-17810)/(-40) prime?
False
Let d = 159441 + -24856. Suppose 90*p - d = 79*p. Is p prime?
False
Let q(i) = 42*i**2 - i + 2. Let z(s) = -5*s - 44. Let k be z(-10). Let x be q(k). Let o = x + 393. Is o a prime number?
True
Let l = 183893 - 49582. Is l a prime number?
False
Let h be 212456/9 + (-9)/((-162)/(-4)). Suppose -10*t + h = -22224. Is t a composite number?
False
Let c = -956946 + 1688417. Is c a composite number?
True
Let r = -120 + 120. Suppose -3*q + 57709 = -3*b + b, 2*q - 5*b - 38469 = r. Is q a prime number?
True
Suppose 2*l + 0*l - 2 = 0, -n + 2*l + 30589 = 0. Let p be (n/(-22))/(2/4). Let c = p + 4622. Is c a composite number?
True
Let x(d) be the third derivative of -d**6/120 - 7*d**5/60 + d**4/3 + d**3/6 - 10*d**2. Let k be x(-8). Is 3 + k + -3 - 1 - -622 a prime number?
False
Suppose 0*s = 5*q - 3*s + 16200, 6481 = -2*q + s. Suppose 3*h + 8619 = -7611. Let u = q - h. Is u prime?
False
Let x = 613 - 1724. Let r = -392 - x. Is r composite?
False
Let a(l) = 37*l**3 - 3*l**2 - 8*l - 1. Let t be a(30). Suppose -38*n + t = 33*n. Is n prime?
True
Let j(i) = i**2 - 6. Let o be j(3). Suppose o*s - s + 1887 = n, -5*n + 9495 = 5*s. Suppose 0 = 4*q + 12, -2*l - 3*q - n = -4*l. Is l a composite number?
True
Suppose -29*l + 4*l + 545128 + 3418597 = 0. Is l prime?
False
Let v = 48611 + 77244. Is v a prime number?
False
Let t = -1485 + 6320. Is t a prime number?
False
Suppose -3*p = -6*u + 8*u + 84, 5*p = -5*u - 145. Is p/234 + (-8362)/(-9) a prime number?
True
Let w = -3044 + 15200. Suppose -6*q = -47190 + w. Is q composite?
False
Let g be ((-36)/30)/(1 + (-39)/30). Suppose 2*v - 12 = 4*l, -3*v = -0*v - g*l - 12. Suppose 337 = j - v*h - 3*h, 0 = j - 4*h - 339. Is j composite?
False
Let d(w) = -75*w**3 + 17*w**2 + 16*w + 13. Let v be -9 - (-5 + 9) - -7. Is d(v) a prime number?
True
Suppose 3*z = -z - 2*t - 126, 0 = -3*t - 15. Let c = -29 - z. Suppose -5*u + 12295 = -c*u. Is u composite?
False
Suppose -3*r + 2*g = -1778438 + 386329, 5*r - 2320145 = -4*g. Is r prime?
True
Let l = -55947 + 86920. Is l composite?
True
Let t(y) = 280 - 35*y + 50*y**2 - y - y**3 - 8*y - 357. Is t(24) a composite number?
True
Is 11 + (22 + -6)*59 composite?
True
Suppose 16*y + 81360 = 40*y. Let k = -2023 + y. Is k a composite number?
False
Let v be (0 + 2)/(1 - 377/403). Let t(g) = 2*g**3 - 59*g**2 - 66*g - 16. Is t(v) prime?
True
Let z = -39330 - -736319. Is z composite?
False
Is (-16859474)/(-48) - 132/3168 a composite number?
True
Suppose 2*i - 6 = 0, 0 = 5*m - 7*m + 3*i + 1584245. Is m a prime number?
False
Suppose n - 525868 = 3*j - 32225, 4*n = -4*j + 1974572. Is n a prime number?
True
Let d(v) = -10550*v - 303. Is d(-7) a prime number?
True
Is (-7 - 14/(16/(-8)))*-1 + 1074559 a composite number?
False
Let x be (-450)/(-117) - (-2)/13. Let f(a) = -6*a + 6*a**3 - 2 + 3 + 6*a**2 + 0*a. Is f(x) a composite number?
False
Suppose 5*g - 7*q + 10*q = 1288724, 0 = 4*g + 4*q - 1030968. Is g a composite number?
True
Let r(a) = 19*a**3 + 6*a**2 - 3*a - 28. Let w(p) = 10*p**3 + 3*p**2 - 2*p - 14. Let q(u) = 4*r(u) - 7*w(u). Is q(9) prime?
True
Let k = 25940 - -13839. Is k prime?
True
Suppose -102021 = -8*i + 409411. Is i a prime number?
True
Is 28/13 + -2 - (-145753000)/2600 a composite number?
True
Let d be 3 - -1 - 36/9. Suppose d = 2*g + 4*s - 16, 4*s + 30 - 6 = 3*g. Suppose 0 = -g*f + 13*f - 7355. Is f composite?
False
Let h(u) = -1382*u**3 + 3*u**2 + 2*u + 4. Is h(-3) a composite number?
False
Let m = 10026 + -5790. Let h = 7985 - m. Is h composite?
True
Let k = 334 + -334. Suppose 6*x - 61996 - 50726 = k. Is x a composite number?
False
Let h(m) = 58*m**2 - 4*m - 67. Let l be 558/54 - 4/3. Is h(l) composite?
True
Let f be ((-111)/74)/(6/(-8)). Is (0 - -4)*(3 - f) + 12235 a composite number?
False
Is 36/27*(-4 - (-44637)/6) a composite number?
True
Suppose 2192 + 36148 = -18*o. Let p = 1463 - o. Is p composite?
False
Suppose 0 = 4*u + 12*x - 1992380, -4*x = 4*u - 7*u + 1494259. Is u a prime number?
True
Let n(f) = f**3 + 16*f**2 + 15*f - 29. Let w be n(-14). Let u = 187 - w. Suppose u*m = 32*m + 474. Is m a prime number?
False
Suppose 440414 = -11*w - j + 4303028, 5*w - 2*j - 1755714 = 0. Is w prime?
False
Is ((-46)/92)/(1/7)*(-39895 + -3) composite?
True
Suppose 2*d = 2*m - 118, -d + 5*m = 5 + 38. Is 5270/9 - 28/d composite?
True
Suppose 3 = -3*m, -4*f - 35 = -0*m + 3*m. Is 147417/18 + 1 - f/48 composite?
False
Is (-37)/(-74) + 3/2 + -6 + 165803 prime?
True
Let h(k) = 3*k**2 - 45*k + 260479. Is h(